{"id":91,"date":"2026-03-06T11:20:29","date_gmt":"2026-03-06T15:20:29","guid":{"rendered":"https:\/\/pingamervzla.com\/?post_type=product&#038;p=91"},"modified":"2026-03-06T11:20:36","modified_gmt":"2026-03-06T15:20:36","slug":"tarjeta-de-regalo-xbox-microsoft-store-10-codigo-digital","status":"publish","type":"product","link":"https:\/\/pingamervzla.com\/?product=tarjeta-de-regalo-xbox-microsoft-store-10-codigo-digital","title":{"rendered":"Tarjeta de Regalo Xbox Microsoft Store 10$ \u2013 C\u00f3digo Digital"},"content":{"rendered":"<p>El cr\u00e9dito de Microsoft Store para Xbox (tarjetas regalo) permite comprar juegos, complementos, suscripciones (Game Pass, excepto 365) y dispositivos en Xbox, Windows y la tienda online. Se canjea en microsoft.com\/redeem, no caduca y se gestiona en la cuenta de Microsoft para pagar compras.<\/p>\n<p>C\u00f3mo canjear y usar el cr\u00e9dito:<br \/>\nEn consola Xbox: Presiona el bot\u00f3n Xbox, ve a Perfil y sistema &gt; Configuraci\u00f3n &gt; Cuenta &gt; Pagos y facturaci\u00f3n.<\/p>\n<p>En l\u00ednea: Visita microsoft.com\/redeem e inicia sesi\u00f3n para ingresar el c\u00f3digo de 25 caracteres.<\/p>\n<p>Saldo: Puedes comprobarlo en el mismo men\u00fa de Pagos y facturaci\u00f3n en tu cuenta.<\/p>\n<p>Uso: Se aplica autom\u00e1ticamente al realizar compras en la Microsoft Store, incluso se puede combinar con tarjetas de cr\u00e9dito si el saldo es insuficiente.<\/p>\n","protected":false},"excerpt":{"rendered":"<p>El cr\u00e9dito de Microsoft Store para Xbox (tarjetas regalo) permite comprar juegos, complementos, suscripciones (Game Pass, excepto 365) y dispositivos en Xbox, Windows y la tienda online. Se canjea en microsoft.com\/redeem, no caduca y se gestiona en la cuenta de Microsoft para pagar compras. C\u00f3mo canjear y usar el cr\u00e9dito: En consola Xbox: Presiona el [&hellip;]<\/p>\n","protected":false},"featured_media":92,"comment_status":"open","ping_status":"closed","template":"","meta":{"_joinchat":[]},"product_brand":[],"product_cat":[21,25],"product_tag":[],"class_list":{"0":"post-91","1":"product","2":"type-product","3":"status-publish","4":"has-post-thumbnail","6":"product_cat-tarjetas-de-regalo","7":"product_cat-xbox","9":"first","10":"instock","11":"virtual","12":"taxable","13":"purchasable","14":"product-type-simple"},"_links":{"self":[{"href":"https:\/\/pingamervzla.com\/index.php?rest_route=\/wp\/v2\/product\/91","targetHints":{"allow":["GET"]}}],"collection":[{"href":"https:\/\/pingamervzla.com\/index.php?rest_route=\/wp\/v2\/product"}],"about":[{"href":"https:\/\/pingamervzla.com\/index.php?rest_route=\/wp\/v2\/types\/product"}],"replies":[{"embeddable":true,"href":"https:\/\/pingamervzla.com\/index.php?rest_route=%2Fwp%2Fv2%2Fcomments&post=91"}],"wp:featuredmedia":[{"embeddable":true,"href":"https:\/\/pingamervzla.com\/index.php?rest_route=\/wp\/v2\/media\/92"}],"wp:attachment":[{"href":"https:\/\/pingamervzla.com\/index.php?rest_route=%2Fwp%2Fv2%2Fmedia&parent=91"}],"wp:term":[{"taxonomy":"product_brand","embeddable":true,"href":"https:\/\/pingamervzla.com\/index.php?rest_route=%2Fwp%2Fv2%2Fproduct_brand&post=91"},{"taxonomy":"product_cat","embeddable":true,"href":"https:\/\/pingamervzla.com\/index.php?rest_route=%2Fwp%2Fv2%2Fproduct_cat&post=91"},{"taxonomy":"product_tag","embeddable":true,"href":"https:\/\/pingamervzla.com\/index.php?rest_route=%2Fwp%2Fv2%2Fproduct_tag&post=91"}],"curies":[{"name":"wp","href":"https:\/\/api.w.org\/{rel}","templated":true}]}}